 16, what is -1973c03 + -3?
-1973c06
In base 9, what is 3 + -101143206?
-101143203
In base 15, what is -8a - -27a6c?
279d2
In base 16, what is 1 + -18bd98b?
-18bd98a
In base 7, what is -13 + -2121465541?
-2121465554
In base 12, what is 3460 + 223b?
569b
In base 12, what is 5 + -a30bb5?
-a30bb0
In base 14, what is -b1 - 2a77cc?
-2a789d
In base 11, what is 1346671 + 3?
1346674
In base 7, what is 21010330643 + -2?
21010330641
In base 10, what is 2755833 - -130?
2755963
In base 6, what is 10 - -44400221?
44400231
In base 9, what is 168140273 - 18?
168140254
In base 2, what is 1011010001 - 111110001011110101?
-111110000000100100
In base 6, what is -14 - -41354255?
41354241
In base 5, what is 1001224111 + -3140?
1001220421
In base 11, what is 44 + 2211a2?
221236
In base 13, what is 42 - 89b11c?
-89b0aa
In base 9, what is 20 + 1735836?
1735856
In base 7, what is -43524204 + -50?
-43524254
In base 7, what is -2153006435 - 3?
-2153006441
In base 9, what is 12252 - 37451?
-25188
In base 9, what is -28464813 - 0?
-28464813
In base 11, what is 4860a7 - -17?
486113
In base 8, what is -41161 + 5662?
-33277
In base 4, what is -130102112 + 300222?
-123201230
In base 9, what is 5 + -824421?
-824415
In base 7, what is -26 + 160632531?
160632502
In base 4, what is 1311123 + -1101210?
203313
In base 10, what is 2 + -103440011?
-103440009
In base 14, what is -41aab9 - 1?
-41aaba
In base 13, what is -3 - 6c4233a?
-6c42340
In base 10, what is -558381136 + 3?
-558381133
In base 4, what is -3101 + 200301113?
200232012
In base 4, what is 121212213201013 - 0?
121212213201013
In base 6, what is 3455052423 - -11?
3455052434
In base 6, what is 4 - -23051344253?
23051344301
In base 6, what is -50 + -234001405?
-234001455
In base 9, what is 0 - -360056456?
360056456
In base 14, what is -2d7a8 + 3da?
-2d3ac
In base 8, what is 5 + 134156012?
134156017
In base 3, what is 2211011122 - 200210?
2210110212
In base 8, what is -45 + -5463744?
-5464011
In base 8, what is -5 + -6105666?
-6105673
In base 5, what is 414240043 + -332?
414234211
In base 7, what is 41145640 - 10?
41145630
In base 9, what is -25812745 + -5?
-25812751
In base 14, what is -23c1161 - 5?
-23c1166
In base 15, what is 94b37d - c?
94b371
In base 3, what is 20111122221 - 121002?
20111001212
In base 16, what is 5 - -1c8cf0c?
1c8cf11
In base 13, what is -1b84231 + 2?
-1b8422c
In base 12, what is -53226 - 8a8?
-53b12
In base 7, what is 106 + 544032522?
544032631
In base 7, what is 14252 - -56203?
103455
In base 6, what is 500 - -354202?
355102
In base 5, what is 3212 - 20123332?
-20120120
In base 6, what is 21 - -1223445125?
1223445150
In base 3, what is 212012 + -22020210?
-21101121
In base 7, what is -3610500355 + -1?
-3610500356
In base 10, what is 715471 + 175?
715646
In base 5, what is 4 + 13432443442?
13432444001
In base 10, what is 6362 - 1280?
5082
In base 2, what is 10001 - 1011011111100011011000110?
-1011011111100011010110101
In base 6, what is 13141015 + 1215?
13142234
In base 6, what is -134 + -540014?
-540152
In base 8, what is -75606 + 736?
-74650
In base 11, what is 2094 - 2539?
-455
In base 12, what is 8a61 - 3a?
8a23
In base 12, what is -26110878 + 4?
-26110874
In base 15, what is -a7 + -e2935?
-e29dc
In base 4, what is 102022301322333 + 1?
102022301323000
In base 14, what is 5 + a6560?
a6565
In base 13, what is 653112 - 1?
653111
In base 6, what is 5213425 + -1312?
5212113
In base 11, what is -280074a + -2?
-2800751
In base 13, what is 5a + -32893a?
-3288b0
In base 15, what is -1e8d24 - 24?
-1e8d48
In base 10, what is 3429271 + -20?
3429251
In base 9, what is 2111252 + 6?
2111258
In base 16, what is ab1e - -b48?
b666
In base 12, what is -6 + 339b32?
339b28
In base 12, what is -3552a12 - 11?
-3552a23
In base 6, what is 32 - 11501300?
-11501224
In base 2, what is 11100000011101101010010001 + 111?
11100000011101101010011000
In base 3, what is 220010000 + -102202?
212200021
In base 5, what is 23 + -12430230340?
-12430230312
In base 12, what is -2b + -50a884?
-50a8b3
In base 16, what is 685a9 - -e8?
68691
In base 6, what is -330314 + -53325?
-424043
In base 4, what is -13312111122 - -3?
-13312111113
In base 5, what is 1000401034142 - 2?
1000401034140
In base 5, what is -101013 + -1044011?
-1200024
In base 4, what is -10332031 - 111233?
-11103330
In base 11, what is 2330 + 48?
2378
In base 12, what is -95a3725b + -5?
-95a37264
In base 5, what is 1034031244 - 221?
1034031023
In base 8, what is -3 + 53212250?
53212245
In base 8, what is 76 - 31643074?
-31642776
In base 13, what is 4536 + -12571?
-b038
In base 9, what is -1053340 + -600?
-1054040
In base 10, what is -684 + 43288?
42604
In base 8, what is 55740 + -1122?
54616
In base 12, what is 418 + 6840?
7058
In base 13, what is -13291219c + 4?
-132912198
In base 9, what is -2 + 265835034?
265835032
In base 15, what is 3e03 - 6934?
-2a31
In base 3, what is -11 + 1100011200210102?
1100011200210021
In base 12, what is -77 - 975224?
-97529b
In base 5, what is -22 - 213204142?
-213204214
In base 14, what is b8768 - -a?
b8774
In base 10, what is 4231938 - 3?
4231935
In base 15, what is -20bade + 5?
-20bad9
In base 15, what is 19659 - -b?
19665
In base 15, what is -11db - -1a900?
19714
In base 2, what is -1111010 + 101101100011101?
101101010100011
In base 2, what is 100010111000010001 - -1000001000?
100011000000011001
In base 11, what is 200 - -110161?
110361
In base 6, what is -2304222 - 545?
-2305211
In base 14, what is 2604 + 763?
2d67
In base 3, what is 0 + -22212122110?
-22212122110
In base 9, what is -113200 - -22?
-113167
In base 5, what is -40201011 - 1202?
-40202213
In base 5, what is -12403 + -3441?
-21344
In base 13, what is 4080 + -c2?
3c8b
In base 8, what is -145765 + 2660?
-143105
In base 10, what is -108157 + 125?
-108032
In base 4, what is -11001122033101 - 10?
-11001122033111
In base 12, what is 14803 - -399?
14ba0
In base 5, what is -1040314200121 + 4?
-1040314200112
In base 8, what is 5 - 11356002?
-11355775
In base 3, what is -1211120201022 - 100011?
-1211121001110
In base 6, what is -1223 + -2424?
-4051
In base 11, what is 0 - 21140627?
-21140627
In base 9, what is -1455 + 10638?
8173
In base 7, what is 25 + -3040124?
-3040066
In base 9, what is 1 + 100442053?
100442054
In base 11, what is 660 - 31920?
-31270
In base 7, what is 1540451615 - -1?
1540451616
In base 3, what is 1 + -12101110220100?
-12101110220022
In base 8, what is -14170226512 - -3?
-14170226507
In base 11, what is -5 - -586219a7?
586219a2
In base 10, what is -10824257 - -16?
-10824241
In base 5, what is 4030032211 + -2?
4030032204
In base 15, what is 2 - 5a16d5?
-5a16d3
In base 8, what is 27 - 60066?
-60037
In base 9, what is 87 + -170140?
-170042
In base 15, what is -3ac57e - 3?
-3ac582
In base 9, what is 251 - -667135?
667386
In base 11, what is -10a1 + -42702?
-437a3
In base 8, what is 10441 + -46553?
-36112
In base 10, what is 45 - -55007?
55052
In base 5, what is -1041004141422 - 2?
-1041004141424
In base 15, what is -58ebe - -7?
-58eb7
In base 4, what is 1220 + 1101310123?
1101312003
In base 13, what is 23 - 1962c6b?
-1962c48
In base 7, what is -144655651 + 2?
-144655646
In base 13, what is 122 + 172047?
172169
In base 16, what is 1ef3e + 4e3?
1f421
In base 16, what is 8 - 290e29?
-290e21
In base 8, what is -512357 - 152?
-512531
In base 13, what is -188b200 + -3?
-188b203
In base 3, what is -1 - 1021022200012202?
-1021022200012210
In base 12, what is -2 + bb1462?
bb1460
In base 9, what is 5 - 108164800?
-108164784
In base 7, what is -14 + -442651160?
-442651204
In base 2, what is -10100111001011 - 111100001?
-10101110101100
In base 16, what is -138 - -6758?
6620
In base 14, what is 217bd - 8c?
21731
In base 11, what is 15a1602 - 2?
15a1600
In base 8, what is -71 - 532?
-623
In base 8, what is -2663 + -374123?
-377006
In base 16, what is 2 - be8117?
-be8115
In base 11, what is -23714384 + 2?
-23714382
In base 5, what is -11441 - -1314204?
1302213
In base 3, what is -2210122 - -21212122?
12002000
In base 4, what is 203 + -213101223?
-213101020
In base 4, what is -112332 - -13033?
-33233
In base 13, what is 2907bbb + -c?
2907bac
In base 5, what is -333420311342 - 3?
-333420311400
In base 2, what is 110000 + -10011010011001101010011?
-10011010011001100100011
In base 6, 